{"id":13,"date":"2018-10-20T15:43:50","date_gmt":"2018-10-20T12:43:50","guid":{"rendered":"http:\/\/localhost\/Hotel_Sandkrug\/?page_id=13"},"modified":"2026-04-25T22:35:49","modified_gmt":"2026-04-25T20:35:49","slug":"historie","status":"publish","type":"page","link":"https:\/\/hotel-sandkrug.de\/","title":{"rendered":"Historie"},"content":{"rendered":"<p><img loading=\"lazy\" decoding=\"async\" class=\"alignnone size-full wp-image-34\" src=\"http:\/\/localhost\/Hotel_Sandkrug\/wp-content\/uploads\/2018\/10\/Historie_1_copy.jpg\" alt=\"\" width=\"2858\" height=\"1399\" srcset=\"https:\/\/hotel-sandkrug.de\/wp-content\/uploads\/2018\/10\/Historie_1_copy.jpg 2858w, https:\/\/hotel-sandkrug.de\/wp-content\/uploads\/2018\/10\/Historie_1_copy-300x147.jpg 300w, https:\/\/hotel-sandkrug.de\/wp-content\/uploads\/2018\/10\/Historie_1_copy-768x376.jpg 768w, https:\/\/hotel-sandkrug.de\/wp-content\/uploads\/2018\/10\/Historie_1_copy-1024x501.jpg 1024w\" sizes=\"auto, (max-width: 2858px) 100vw, 2858px\" \/><\/p>\n<p><span class=\"fontstyle0\">Historie<\/span><\/p>\n<p><span class=\"fontstyle0\">Sand diente fr\u00fcher als Putz- und Scheuermittel in Stall, Stube und K\u00fcche. Weil er weseraufw\u00e4rts kaum zu fnden war, wurden in Estorf gelegene, bequem erreichbare Sandberge<br \/>\nangebrochen und im Laufe von Jahrhunderten abgefahren. Noch lange vor dem 30-j\u00e4hrigen Krieg entstand an der Landstra\u00dfe Nienburg-Minden eine Gastwirtschaft mit Schnapsbrennerei \u2013 \u201edie ole Kraug\u201c, wo haupts\u00e4chlich Sandfuhrleute einkehrten. 1875 gelangte sie<br \/>\ndurch Kauf in den Besitz der aus altem Estorfer Geschlecht stammenden Familie Meyer.<br \/>\nNach gr\u00fcndlichem Aus- und Umbau holte man den fast in Vergessenheit geratenen Namen wieder hervor: Aus dem \u201eolen Kraug\u201c wurde der Sandkrug.<br \/>\nHotel und Restaurant werden mittlerweile in der vierten Generation der Familie Meyer gef\u00fchrt.<\/span><\/p>\n","protected":false},"excerpt":{"rendered":"<p>Historie Sand diente fr\u00fcher als Putz- und Scheuermittel in Stall, Stube und K\u00fcche. Weil er weseraufw\u00e4rts kaum zu fnden war, wurden in Estorf gelegene, bequem erreichbare Sandberge angebrochen und im Laufe von Jahrhunderten abgefahren. Noch lange vor dem 30-j\u00e4hrigen Krieg entstand an der Landstra\u00dfe Nienburg-Minden eine Gastwirtschaft mit Schnapsbrennerei \u2013 \u201edie ole Kraug\u201c, wo haupts\u00e4chlich &hellip; <a href=\"https:\/\/hotel-sandkrug.de\/\" class=\"more-link\"><span class=\"screen-reader-text\">Historie<\/span> weiterlesen<\/a><\/p>\n","protected":false},"author":1,"featured_media":0,"parent":0,"menu_order":0,"comment_status":"closed","ping_status":"closed","template":"","meta":{"footnotes":""},"class_list":["post-13","page","type-page","status-publish","hentry"],"_links":{"self":[{"href":"https:\/\/hotel-sandkrug.de\/index.php?rest_route=\/wp\/v2\/pages\/13","targetHints":{"allow":["GET"]}}],"collection":[{"href":"https:\/\/hotel-sandkrug.de\/index.php?rest_route=\/wp\/v2\/pages"}],"about":[{"href":"https:\/\/hotel-sandkrug.de\/index.php?rest_route=\/wp\/v2\/types\/page"}],"author":[{"embeddable":true,"href":"https:\/\/hotel-sandkrug.de\/index.php?rest_route=\/wp\/v2\/users\/1"}],"replies":[{"embeddable":true,"href":"https:\/\/hotel-sandkrug.de\/index.php?rest_route=%2Fwp%2Fv2%2Fcomments&post=13"}],"version-history":[{"count":7,"href":"https:\/\/hotel-sandkrug.de\/index.php?rest_route=\/wp\/v2\/pages\/13\/revisions"}],"predecessor-version":[{"id":35,"href":"https:\/\/hotel-sandkrug.de\/index.php?rest_route=\/wp\/v2\/pages\/13\/revisions\/35"}],"wp:attachment":[{"href":"https:\/\/hotel-sandkrug.de\/index.php?rest_route=%2Fwp%2Fv2%2Fmedia&parent=13"}],"curies":[{"name":"wp","href":"https:\/\/api.w.org\/{rel}","templated":true}]}}