{"id":15,"date":"2018-10-20T15:44:23","date_gmt":"2018-10-20T12:44:23","guid":{"rendered":"http:\/\/localhost\/Hotel_Sandkrug\/?page_id=15"},"modified":"2026-04-25T22:35:49","modified_gmt":"2026-04-25T20:35:49","slug":"neuigkeiten","status":"publish","type":"page","link":"https:\/\/hotel-sandkrug.de\/?page_id=15","title":{"rendered":"Neuigkeiten"},"content":{"rendered":"<p class=\"fontstyle0\">Neuigkeiten<\/p>\n<ul>\n<li><img loading=\"lazy\" decoding=\"async\" class=\"alignnone size-full wp-image-104\" src=\"http:\/\/localhost\/Hotel_Sandkrug\/wp-content\/uploads\/2018\/10\/Neuigkeiten_1-1.png\" alt=\"\" width=\"973\" height=\"647\" srcset=\"https:\/\/hotel-sandkrug.de\/wp-content\/uploads\/2018\/10\/Neuigkeiten_1-1.png 973w, https:\/\/hotel-sandkrug.de\/wp-content\/uploads\/2018\/10\/Neuigkeiten_1-1-300x199.png 300w, https:\/\/hotel-sandkrug.de\/wp-content\/uploads\/2018\/10\/Neuigkeiten_1-1-768x511.png 768w\" sizes=\"auto, (max-width: 973px) 100vw, 973px\" \/><br \/>\n<h3><span class=\"fontstyle0\">Spargelbuffet<\/span><\/h3>\n<p><span class=\"fontstyle0\">Probieren Sie bei uns den ber\u00fchmten<br \/>\nNienburger Spargel.<\/span><\/li>\n<li><img loading=\"lazy\" decoding=\"async\" class=\"alignnone wp-image-44\" src=\"http:\/\/localhost\/Hotel_Sandkrug\/wp-content\/uploads\/2018\/10\/Neuigkeiten_2.png\" alt=\"\" width=\"239\" height=\"159\" srcset=\"https:\/\/hotel-sandkrug.de\/wp-content\/uploads\/2018\/10\/Neuigkeiten_2.png 973w, https:\/\/hotel-sandkrug.de\/wp-content\/uploads\/2018\/10\/Neuigkeiten_2-300x199.png 300w, https:\/\/hotel-sandkrug.de\/wp-content\/uploads\/2018\/10\/Neuigkeiten_2-768x511.png 768w\" sizes=\"auto, (max-width: 239px) 100vw, 239px\" \/><br \/>\n<h3><span class=\"fontstyle0\">Kartoffelbuffet<\/span><\/h3>\n<p><span class=\"fontstyle0\">Beim Kartoffelbuffet dreht sich alles um<br \/>\ndie Kartoffel, wir servieren die leckere<br \/>\nHeidekartoffel in vielen leckeren Variationen<\/span><\/li>\n<li><img loading=\"lazy\" decoding=\"async\" class=\"alignnone wp-image-45\" src=\"http:\/\/localhost\/Hotel_Sandkrug\/wp-content\/uploads\/2018\/10\/Neuigkeiten_3.png\" alt=\"\" width=\"242\" height=\"163\" srcset=\"https:\/\/hotel-sandkrug.de\/wp-content\/uploads\/2018\/10\/Neuigkeiten_3.png 971w, https:\/\/hotel-sandkrug.de\/wp-content\/uploads\/2018\/10\/Neuigkeiten_3-300x202.png 300w, https:\/\/hotel-sandkrug.de\/wp-content\/uploads\/2018\/10\/Neuigkeiten_3-768x517.png 768w\" sizes=\"auto, (max-width: 242px) 100vw, 242px\" \/><br \/>\n<h3><span class=\"fontstyle0\">Gr\u00fcnkohlbuffet<\/span><\/h3>\n<p><span class=\"fontstyle0\">Von Kasseler und Mettenden \u00fcber<br \/>\nBratw\u00fcrstchen und Kartoffeln sowie<br \/>\nverschiedene So\u00dfen ist f\u00fcr jeden Geschmack die passende Beilage zum<br \/>\nGr\u00fcnkohl dabei.<\/span><\/li>\n<\/ul>\n","protected":false},"excerpt":{"rendered":"<p>Neuigkeiten Spargelbuffet Probieren Sie bei uns den ber\u00fchmten Nienburger Spargel. Kartoffelbuffet Beim Kartoffelbuffet dreht sich alles um die Kartoffel, wir servieren die leckere Heidekartoffel in vielen leckeren Variationen Gr\u00fcnkohlbuffet Von Kasseler und Mettenden \u00fcber Bratw\u00fcrstchen und Kartoffeln sowie verschiedene So\u00dfen ist f\u00fcr jeden Geschmack die passende Beilage zum Gr\u00fcnkohl dabei.<\/p>\n","protected":false},"author":1,"featured_media":0,"parent":0,"menu_order":0,"comment_status":"closed","ping_status":"closed","template":"","meta":{"footnotes":""},"class_list":["post-15","page","type-page","status-publish","hentry"],"_links":{"self":[{"href":"https:\/\/hotel-sandkrug.de\/index.php?rest_route=\/wp\/v2\/pages\/15","targetHints":{"allow":["GET"]}}],"collection":[{"href":"https:\/\/hotel-sandkrug.de\/index.php?rest_route=\/wp\/v2\/pages"}],"about":[{"href":"https:\/\/hotel-sandkrug.de\/index.php?rest_route=\/wp\/v2\/types\/page"}],"author":[{"embeddable":true,"href":"https:\/\/hotel-sandkrug.de\/index.php?rest_route=\/wp\/v2\/users\/1"}],"replies":[{"embeddable":true,"href":"https:\/\/hotel-sandkrug.de\/index.php?rest_route=%2Fwp%2Fv2%2Fcomments&post=15"}],"version-history":[{"count":15,"href":"https:\/\/hotel-sandkrug.de\/index.php?rest_route=\/wp\/v2\/pages\/15\/revisions"}],"predecessor-version":[{"id":105,"href":"https:\/\/hotel-sandkrug.de\/index.php?rest_route=\/wp\/v2\/pages\/15\/revisions\/105"}],"wp:attachment":[{"href":"https:\/\/hotel-sandkrug.de\/index.php?rest_route=%2Fwp%2Fv2%2Fmedia&parent=15"}],"curies":[{"name":"wp","href":"https:\/\/api.w.org\/{rel}","templated":true}]}}